{"id":480,"date":"2023-01-10T21:46:00","date_gmt":"2023-01-10T21:46:00","guid":{"rendered":"https:\/\/sgr-arges.ro\/index.php\/concursuri\/concursul-de-geografie-ionel-tuta\/prezentare-regulament-2\/"},"modified":"2023-02-06T20:22:39","modified_gmt":"2023-02-06T20:22:39","slug":"prezentare-regulament-2","status":"publish","type":"page","link":"https:\/\/sgr-arges.ro\/index.php\/concursuri\/concursul-de-geografie-ionel-tuta\/prezentare-regulament-2\/","title":{"rendered":"Prezentare, regulament"},"content":{"rendered":"\n<hr class=\"wp-block-separator\"\/>\n\n\n\n<div class=\"wp-block-image\"><figure class=\"aligncenter size-large\"><img loading=\"lazy\" decoding=\"async\" width=\"1024\" height=\"597\" src=\"https:\/\/sgr-arges.ro\/wp-content\/uploads\/2023\/01\/Copy-of-28IANUARIE2023-1024x597.jpg\" alt=\"\" class=\"wp-image-496\" srcset=\"https:\/\/sgr-arges.ro\/wp-content\/uploads\/2023\/01\/Copy-of-28IANUARIE2023-1024x597.jpg 1024w, https:\/\/sgr-arges.ro\/wp-content\/uploads\/2023\/01\/Copy-of-28IANUARIE2023-300x175.jpg 300w, https:\/\/sgr-arges.ro\/wp-content\/uploads\/2023\/01\/Copy-of-28IANUARIE2023-768x448.jpg 768w, https:\/\/sgr-arges.ro\/wp-content\/uploads\/2023\/01\/Copy-of-28IANUARIE2023-1536x895.jpg 1536w, https:\/\/sgr-arges.ro\/wp-content\/uploads\/2023\/01\/Copy-of-28IANUARIE2023.jpg 1587w\" sizes=\"auto, (max-width: 1024px) 100vw, 1024px\" \/><\/figure><\/div>\n\n\n\n<hr class=\"wp-block-separator\"\/>\n\n\n\n<div class=\"wp-block-image\"><figure class=\"aligncenter is-resized\"><img loading=\"lazy\" decoding=\"async\" src=\"https:\/\/scoala11.eu\/wp-content\/uploads\/2019\/02\/Ionel-\u00c8\u009au\u00c8\u009b\u00c4\u0083-1.jpg\" alt=\"\" class=\"wp-image-15340\" width=\"300\" height=\"414\"\/><figcaption>Ionel \u021aU\u021a\u0102<\/figcaption><\/figure><\/div>\n\n\n\n<hr class=\"wp-block-separator\"\/>\n\n\n\n<p><strong>Concursul &nbsp;de Geografie \u201eIonel \u021au\u021b\u0103\u201d<\/strong> ,<strong> se adreseaz\u0103 elevilor din clasele IV-IX ,<\/strong> av\u00e2nd ca obiectiv general promovarea ideii de competi\u0163ie, performan\u021b\u0103 \u00een studiul disciplinei geografiei locale, regionale, na\u021bionale \u0219i mondiale, precum \u0219i dezvoltarea competen\u021belor de investigare (observare, analiz\u0103, interpretare), aspecte de logic\u0103 geografic\u0103 (compara\u021bii, deduc\u021bii), lucru cu harta.<\/p>\n\n\n\n<p class=\"has-cyan-bluish-gray-background-color has-background\"><strong>Sec\u0163iunile concursului:<\/strong> <\/p>\n\n\n\n<p>Concursul va fi individual \u0219i are o singur\u0103 sec\u021biune, prob\u0103 teoretic\u0103 de testare a cuno\u015ftin\u0163elor asimilate la:&nbsp;&nbsp;&nbsp;&nbsp;&nbsp;&nbsp;&nbsp;&nbsp;&nbsp;&nbsp;&nbsp;&nbsp;&nbsp;&nbsp;&nbsp;&nbsp;&nbsp;&nbsp;&nbsp;&nbsp;&nbsp;<\/p>\n\n\n\n<p><strong>&#8211; <\/strong>Geografia Rom\u00e2niei, pentru clasa a IV-a<br><strong>&#8211; <\/strong>Geografia General\u0103, pentru clasa a V-a<br><strong>&#8211; <\/strong>Geografia Europei, pentru clasa a VI-a<br><strong>&#8211; <\/strong>Geografia Continentelor Extraeuropene, pentru clasa a VII-a<br><strong>&#8211; <\/strong>Geografia Rom\u00e2niei, pentru clasa a VIII-a<br><strong>&#8211;<\/strong> Geografia General\u0103, pentru clasa a IX-a<\/p>\n\n\n\n<p class=\"has-cyan-bluish-gray-background-color has-background\"><strong>Tematica pentru concurs:<\/strong><\/p>\n\n\n\n<ul class=\"wp-block-list\"><li>Clasa a IV-a: Capitolele: <\/li><\/ul>\n\n\n\n<p>1. \u201dElemente de geografie a orizontului apropiat \u0219i local\u201d<br>2. \u201dElemente de geografie general\u0103 a Rom\u00e2niei<\/p>\n\n\n\n<ul class=\"wp-block-list\"><li>Clasa a V- a: Capitolele: <\/li><\/ul>\n\n\n\n<p>1. \u201dTerra, o planet\u0103 a Universului\u201d&nbsp;&nbsp;&nbsp;&nbsp;&nbsp;&nbsp;&nbsp;&nbsp;&nbsp;&nbsp;&nbsp;&nbsp;&nbsp;&nbsp;&nbsp;&nbsp;&nbsp;&nbsp;&nbsp;&nbsp;&nbsp;&nbsp;&nbsp;&nbsp;&nbsp; &nbsp;&nbsp;&nbsp;&nbsp;<br>2. \u201dTerra, o planet\u0103 \u00een mi\u0219care\u201d<br>3. \u201dLitosfera\u201d<\/p>\n\n\n\n<ul class=\"wp-block-list\"><li>Clasa a VI- a: Capitolele: <\/li><\/ul>\n\n\n\n<p>1. \u201dCunoa\u0219terea lumii \u00een care tr\u0103im\u201d<br>2. \u201dAntroposfera. Omul \u0219i activit\u0103\u021bile umane\u201d<\/p>\n\n\n\n<ul class=\"wp-block-list\"><li>Clasa a VII- a: Capitolele: <\/li><\/ul>\n\n\n\n<p>1. \u201dAsia &#8211; caracterizare geografic\u0103 general\u0103\u201d<\/p>\n\n\n\n<ul class=\"wp-block-list\"><li>Clasa a VIII- a: Capitolele: &nbsp;<\/li><\/ul>\n\n\n\n<p>1. Rom\u00e2nia -\u201cCoordonate Europene\u201d&nbsp;&nbsp;&nbsp;&nbsp;&nbsp;&nbsp;&nbsp;&nbsp;&nbsp;&nbsp;&nbsp;&nbsp;&nbsp;&nbsp;&nbsp;&nbsp;&nbsp;&nbsp;&nbsp;&nbsp;&nbsp;&nbsp;&nbsp;&nbsp;&nbsp;&nbsp;&nbsp;&nbsp;&nbsp;&nbsp;&nbsp;&nbsp;&nbsp;&nbsp; <br>2. Rom\u00e2nia &#8211; \u201dRelieful\u201d&nbsp;&nbsp;&nbsp;&nbsp;&nbsp;&nbsp;&nbsp;&nbsp;&nbsp;<br>3. Rom\u00e2nia &#8211; \u201dClima\u201d&nbsp;&nbsp;&nbsp;&nbsp;&nbsp;&nbsp;&nbsp;&nbsp;&nbsp; &nbsp;&nbsp;&nbsp;&nbsp;<\/p>\n\n\n\n<ul class=\"wp-block-list\"><li>&nbsp;Clasa a IX-a : Capitolele: <\/li><\/ul>\n\n\n\n<p>1. \u201dP\u0103m\u00e2ntul &#8211; o entitate a Universului\u201d&nbsp;&nbsp;&nbsp;&nbsp;&nbsp;&nbsp;&nbsp;&nbsp;&nbsp;&nbsp;&nbsp;&nbsp;&nbsp;&nbsp;&nbsp;&nbsp;&nbsp;&nbsp;&nbsp;&nbsp;&nbsp;&nbsp;&nbsp;&nbsp;&nbsp;&nbsp;&nbsp;&nbsp;&nbsp; &nbsp;&nbsp;&nbsp;&nbsp;&nbsp;&nbsp;&nbsp; <br>2. \u201dM\u0103surarea \u0219i reprezentarea spa\u021biului terestru\u201d<br>3. \u201dRelieful terestru\u201d<\/p>\n\n\n\n<p class=\"has-cyan-bluish-gray-background-color has-background\">&nbsp;&nbsp;&nbsp; &nbsp;&nbsp;<strong>Bibliografie:<\/strong><\/p>\n\n\n\n<p>Manualele alternative \u00een vigoare pentru anul \u0219colar \u00een curs, pentru clasele a IV-a, a V-a, a VI-a, a VII- a, a VIII- a, a IX-a.<\/p>\n\n\n\n<p class=\"has-cyan-bluish-gray-background-color has-background\"><strong>Desf\u0103\u0219urare concurs:<\/strong><\/p>\n\n\n\n<p>S\u00c2MB\u0102T\u0102, 28 ianuarie 2023<\/p>\n\n\n\n<ul class=\"wp-block-list\"><li>09:00 \u2013 09:30 \u2013 Accesul elevilor \u00een s\u0103li;<\/li><li>10:00 \u2013 11:00 \u2013 Desf\u0103\u015furarea Concursului de Geografie \u201eIonel \u021au\u021b\u0103\u201c;<\/li><li>11:00 \u2013 12:00 \u2013 Evaluarea lucr\u0103rilor;<\/li><li>12:30 \u2013 Afi\u0219area rezultatelor<\/li><\/ul>\n\n\n\n<ul class=\"wp-block-list\"><li>Rezultatele finale vor fi afi\u0219ate la sediul institu\u021biei organizatoare, pe site-ul \u0219colii \u0219i pe site-ul SGR Arge\u0219.<\/li><\/ul>\n\n\n\n<p class=\"has-pale-cyan-blue-background-color has-background\">\u00censcrierea elevilor se realizeaz\u0103 de c\u0103tre profesorul coordonator, prin completarea formularului <a href=\"https:\/\/forms.gle\/pkDpo6SFQ3vpsG6s6\" data-type=\"URL\" data-id=\"https:\/\/forms.gle\/pkDpo6SFQ3vpsG6s6\">https:\/\/forms.gle\/f8qnLq8hPdbgbgBn6&nbsp; <\/a>  pentru fiecare elev, p\u00e2n\u0103 la 26 ianuarie 2023.<\/p>\n\n\n\n<p class=\"has-cyan-bluish-gray-background-color has-background\">&nbsp;&nbsp;&nbsp;&nbsp;&nbsp; <strong>&nbsp;<\/strong><strong>Regulament de participare<\/strong><\/p>\n\n\n\n<p>Particip\u0103 elevii din clasele a IV-a, elevii de gimnaziu (clasa a V-a, a VI-a, a VII-a \u0219i a VIII-a) \u0219i din clasa a IX\u2013a liceu.<\/p>\n\n\n\n<p>Concursul se organizeaz\u0103 cu participare direct\u0103.<\/p>\n\n\n\n<p>Elevii participan\u021bi primesc la \u00eenceputul concursului un cod de identificare pentru afi\u0219area rezultatelor \u0219i a premiilor.<\/p>\n\n\n\n<p>Nu se solicit\u0103 tax\u0103 de participare. <\/p>\n\n\n\n<p><strong>Persoan\u0103 de contact: Prof. Florescu Sebastian, 0740022089<\/strong><\/p>\n\n\n\n<hr class=\"wp-block-separator\"\/>\n\n\n\n<p><strong>CONCURS DE GEOGRAFIE  \u2013 ,,Ionel \u021au\u021b\u0103\u201d<\/strong>, <strong>Edi\u0163ia a VIII-a <\/strong><\/p>\n\n\n\n<p><strong>Tipul de proiect<em>:<\/em> Concurs de geografie: \u0219tiin\u021bific<\/strong><br><strong>Data de desf\u0103\u0219urare: 28.01.2023<\/strong><br><strong>Institu\u0163ia organizatoare: Societatea de Geografie din Rom\u00e2nia \u2013 Filiala Arge\u0219<\/strong>, <strong>Adresa:&nbsp;Str. Trivale, Nr. 80, Palatul Copiilor, Cam. Nr. 2, Pite\u015fti, Jud. Arge\u015f,<\/strong> <strong>Tel\/fax: 0248 219511<\/strong>, <strong>Email: concurs_ionel_tuta@yahoo.com<\/strong><br><strong>Parteneri\/colaboratori:<\/strong> <strong>\u0218coala Gimnazial\u0103 \u201dMihai Eminescu\u201d Pite\u0219ti<\/strong>, <strong>Asocia\u0163ia P\u0103rin\u0163ilor Elevilor \u0218colii \u201eMihai Eminescu\u201c Pite\u015fti&nbsp; (APESMEP)<\/strong>, <strong>institu\u021bii de \u00eenv\u0103\u021b\u0103m\u00e2nt din jude\u021b participante<\/strong><\/p>\n\n\n\n<hr class=\"wp-block-separator\"\/>\n\n\n\n<p class=\"has-cyan-bluish-gray-background-color has-background\">Modele de subiecte din anii anteriori<\/p>\n\n\n<a href=\"https:\/\/sgr-arges.ro\/wp-content\/uploads\/2021\/04\/IonelTutaVclasa4.pdf\" class=\"pdfemb-viewer\" style=\"\" data-width=\"max\" data-height=\"max\" data-toolbar=\"bottom\" data-toolbar-fixed=\"off\">IonelTutaVclasa4<\/a>\n<p class=\"wp-block-pdfemb-pdf-embedder-viewer\"><\/p>\n\n\n<a href=\"https:\/\/sgr-arges.ro\/wp-content\/uploads\/2021\/04\/IonelTutaVclasa5.pdf\" class=\"pdfemb-viewer\" style=\"\" data-width=\"max\" data-height=\"max\" data-toolbar=\"bottom\" data-toolbar-fixed=\"off\">IonelTutaVclasa5<\/a>\n<p class=\"wp-block-pdfemb-pdf-embedder-viewer\"><\/p>\n\n\n<a href=\"https:\/\/sgr-arges.ro\/wp-content\/uploads\/2021\/04\/IonelTutaVclasa6.pdf\" class=\"pdfemb-viewer\" style=\"\" data-width=\"max\" data-height=\"max\" data-toolbar=\"bottom\" data-toolbar-fixed=\"off\">IonelTutaVclasa6<\/a>\n<p class=\"wp-block-pdfemb-pdf-embedder-viewer\"><\/p>\n\n\n<a href=\"https:\/\/sgr-arges.ro\/wp-content\/uploads\/2021\/04\/IonelTutaVclasa7.pdf\" class=\"pdfemb-viewer\" style=\"\" data-width=\"max\" data-height=\"max\" data-toolbar=\"bottom\" data-toolbar-fixed=\"off\">IonelTutaVclasa7<\/a>\n<p class=\"wp-block-pdfemb-pdf-embedder-viewer\"><\/p>\n","protected":false},"excerpt":{"rendered":"<p>Concursul &nbsp;de Geografie \u201eIonel \u021au\u021b\u0103\u201d , se adreseaz\u0103 elevilor din clasele IV-IX , av\u00e2nd ca obiectiv general promovarea ideii de &hellip; <\/p>\n","protected":false},"author":1,"featured_media":0,"parent":100,"menu_order":1,"comment_status":"closed","ping_status":"closed","template":"","meta":{"_themeisle_gutenberg_block_has_review":false,"footnotes":""},"class_list":["post-480","page","type-page","status-publish","hentry"],"_links":{"self":[{"href":"https:\/\/sgr-arges.ro\/index.php\/wp-json\/wp\/v2\/pages\/480","targetHints":{"allow":["GET"]}}],"collection":[{"href":"https:\/\/sgr-arges.ro\/index.php\/wp-json\/wp\/v2\/pages"}],"about":[{"href":"https:\/\/sgr-arges.ro\/index.php\/wp-json\/wp\/v2\/types\/page"}],"author":[{"embeddable":true,"href":"https:\/\/sgr-arges.ro\/index.php\/wp-json\/wp\/v2\/users\/1"}],"replies":[{"embeddable":true,"href":"https:\/\/sgr-arges.ro\/index.php\/wp-json\/wp\/v2\/comments?post=480"}],"version-history":[{"count":5,"href":"https:\/\/sgr-arges.ro\/index.php\/wp-json\/wp\/v2\/pages\/480\/revisions"}],"predecessor-version":[{"id":504,"href":"https:\/\/sgr-arges.ro\/index.php\/wp-json\/wp\/v2\/pages\/480\/revisions\/504"}],"up":[{"embeddable":true,"href":"https:\/\/sgr-arges.ro\/index.php\/wp-json\/wp\/v2\/pages\/100"}],"wp:attachment":[{"href":"https:\/\/sgr-arges.ro\/index.php\/wp-json\/wp\/v2\/media?parent=480"}],"curies":[{"name":"wp","href":"https:\/\/api.w.org\/{rel}","templated":true}]}}