{"id":364,"date":"2022-11-20T06:05:22","date_gmt":"2022-11-20T06:05:22","guid":{"rendered":"https:\/\/sgr-arges.ro\/?page_id=364"},"modified":"2022-11-20T06:13:57","modified_gmt":"2022-11-20T06:13:57","slug":"regulament-de-participare","status":"publish","type":"page","link":"https:\/\/sgr-arges.ro\/index.php\/regulament-de-participare\/","title":{"rendered":"Regulament de participare"},"content":{"rendered":"\n<p class=\"has-text-align-center\"><strong>REGULAMENT DE PARTICIPARE<\/strong><\/p>\n\n\n\n<p>Sec\u021biunile propuse \u00een desf\u0103\u0219urarea simpozionului privind promovarea exemplelor de bune practici sunt:<\/p>\n\n\n\n<ul class=\"wp-block-list\"><li>Studii \u0219i cercet\u0103ri fizico-geografice<\/li><li>Caracteristici \u0219i provoc\u0103ri socio-demografice, politice \u0219i economice actuale<\/li><li>Urgen\u021ba climatic\u0103, un S.O.S. actual<\/li><li>Didactica Geografiei: Resurse educationale deschise&nbsp;<\/li><\/ul>\n\n\n\n<p><strong>Recomand\u0103ri privind redactarea lucr\u0103rilor:<\/strong><\/p>\n\n\n\n<ul class=\"wp-block-list\"><li>Con\u021binutul lucr\u0103rilor trebuie s\u0103 vizeze aspecte cu grad de interes ridicat din tematica propus\u0103, s\u0103 aib\u0103 originalitate, s\u0103 cuprind\u0103 experien\u021be personale, rezultate ale unor cercet\u0103ri de specialitate sau s\u0103 r\u0103spund\u0103 unor teme de cercetare de interes \u00een domeniul \u0219tiin\u021bific \u0219i s\u0103 respecte legisla\u021bia \u00een vigoare privind drepturile de autor;<\/li><li>Se admit maximum 2 autori pentru o lucrare (se vor acorda dou\u0103 adeverin\u021be \u0219i\/sau dou\u0103 diplome de participare \u015fi dou\u0103 volume, la cerere);<\/li><\/ul>\n\n\n\n<p>Prezent\u0103rile directe power point sau video nu vor dep\u0103\u0219i durata de 10 minute;<\/p>\n\n\n\n<p>Responsabilitatea pentru con\u021binutul lucr\u0103rilor apar\u021bine exclusiv participan\u021bilor.<\/p>\n\n\n\n<p>Pentru publicarea \u00een volumul dedicat se realizeaz\u0103 un rezumat de 2 pagini.<\/p>\n\n\n\n<p><strong>Norme de tehnoredactare:<\/strong><\/p>\n\n\n\n<p>1.Setarea paginilor: st\u00e2nga: 3 cm; sus, jos, dreapta: 2,5 cm.<\/p>\n\n\n\n<p>2. Titlul lucr\u0103rii: TimesNewRoman, size 14, majuscule, bold, centrat, urmat de un r\u00e2nd liber.<\/p>\n\n\n\n<p>3. Prenumele \u0219i numele: TimesNewRoman, size 11, majuscule, bold, centrat dreapta.<\/p>\n\n\n\n<p>4. Numele institu\u021biei: TimesNewRoman, size 11, majuscule, bold, centrat dreapta<\/p>\n\n\n\n<p>5. Textul propriu-zis: TimesNewRoman, size 12, line spacing 1 r\u00e2nd (single)<\/p>\n\n\n\n<p>6. Referin\u021bele bibliografice vor ap\u0103rea:<\/p>\n\n\n\n<ul class=\"wp-block-list\"><li><em>la finalul articolului<\/em>, \u00een ordine alfabetic\u0103 (TimesNewRoman, TNR, 10), dup\u0103 modelul:<\/li><\/ul>\n\n\n\n<p>&#8211; nume, prenume, titlul c\u0103r\u021bii (cu italice), editura, localitatea \u0219i anul apari\u021biei (WILKINSON R., <em>Ludovic al XIV-lea, Fran\u021ba \u0219i Europa, 1661-1715<\/em>, Editura All Educational, Bucure\u0219ti, 2001) sau,<\/p>\n\n\n\n<p>&#8211; nume, prenume, titlul articolului (cu italice), \u00een\u2026 numele revistei (cu italice), volum (nr.), anul, paginile. (CESEREANU R., <em>Provincia c\u0103rturarilor<\/em>, \u00een \u201eFamilia\u201d, vol. 13, nr. 3-4\/2003, pp.11-25).<\/p>\n\n\n\n<p><strong>7. <\/strong>Tabelele \u0219i imaginile (figurile, plan\u0219ele) vor avea titlu \u0219i vor fi numerotare cu cifre arabe (de exemplu, Tabelul 1, Figura 2); sursa va fi prezentat\u0103 \u00een mod obligatoriu sub tabele \u0219i figuri.<\/p>\n\n\n\n<ul class=\"wp-block-list\"><li>Calitatea imaginilor trebuie s\u0103 fie adecvat\u0103 pentru tip\u0103rire, minimum 300 dpi.<\/li><li>Titlul tabelului sau al figurii trebuie s\u0103 fie scris \u00eenaintea tabelului \u0219i s\u0103 \u00eenceap\u0103 cu liter\u0103 mare.<\/li><li>Con\u021binutul tabelelor trebuie s\u0103 respecte urm\u0103toarele condi\u021bii: numele r\u00e2ndurilor \u0219i al coloanelor trebuie s\u0103 \u00eenceap\u0103 cu litere mari. Sunt preferate titlurile scurte.<\/li><\/ul>\n\n\n\n<p>8. Toate textele vor fi scrise cu diacritice \u015fi vor respecta normele actuale de ortografie impuse de Academia Rom\u00e2n\u0103. <em>Nerespectarea acestei cerin\u021be atrage de la sine respingerea materialului!<\/em><\/p>\n\n\n\n<p>9. Nu l\u0103sa\u021bi spa\u021bii libere \u00eentre semnele de punctua\u021bie \u0219i textul care le preced\u0103, ci doar \u00eentre semnele de punctua\u021bie \u0219i textul care urmeaz\u0103. Paginile nu se numeroteaz\u0103.<\/p>\n\n\n\n<p><strong>\u00censcrierea la simpozion <\/strong>se realizeaz\u0103 p\u00e2n\u0103 pe data de <strong><u>10 noiembrie 2022<\/u>, <\/strong>parcurg\u00e2ndu-se urm\u0103torii pa\u0219i:<\/p>\n\n\n\n<ol class=\"wp-block-list\" type=\"1\"><li><strong>completarea formularului <\/strong>(incluz\u00e2nd ata\u0219area rezumatului):<\/li><\/ol>\n\n\n\n<p><a href=\"https:\/\/forms.gle\/bWVcGZe1CoAK2xqQ7\">https:\/\/forms.gle\/bWVcGZe1CoAK2xqQ7<\/a><\/p>\n\n\n\n<ul class=\"wp-block-list\"><li><strong>trimiterea lucr\u0103rii la adresa de mail: <\/strong><a href=\"mailto:contactsgr.ag@gmail.com\"><strong>contactsgr.ag@gmail.com<\/strong><\/a><strong><\/strong><\/li><\/ul>\n\n\n\n<p><strong>NOTE<\/strong><\/p>\n\n\n\n<ul class=\"wp-block-list\"><li>Organizatorii simpozionului \u00ee\u015fi rezerv\u0103 dreptul de a respinge lucr\u0103rile ce nu respect\u0103 legea drepturilor de autor;<\/li><li>Organizatorii \u00ee\u015fi rezerv\u0103 dreptul de a nu publica lucr\u0103rile al c\u0103ror con\u0163inut aduc ofens\u0103 sau prejudiciu unor persoane, grupuri sau institu\u0163ii;<\/li><li>Pentru a asigura un flux informa\u021bional eficient, responsabilii de sec\u021biuni vor asigura prima corectur\u0103 a lucr\u0103rilor \u00eenscrise \u00een simpozion \u0219i le vor direc\u021biona c\u0103tre secretariatul \u0219tiin\u021bific al simpozionului \u00een termen de 24 de ore de la primirea acestora;<\/li><li>Organizatorii se bazeaz\u0103 pe deplin\u0103 dumneavoastr\u0103 disponibilitate de comunicare, \u00een scopul perfect\u0103rii oric\u0103rui detaliu privind publicarea volumului Simpozionului.<\/li><\/ul>\n\n\n\n<p><strong>Date de contact<\/strong>: Sebastian Florescu 0740022089, <strong>&nbsp;<\/strong><a href=\"mailto:sebastianflorescu@yahoo.com\" target=\"_blank\" rel=\"noreferrer noopener\"><strong>sebastianflorescu@yahoo.com<\/strong><\/a><\/p>\n","protected":false},"excerpt":{"rendered":"<p>REGULAMENT DE PARTICIPARE Sec\u021biunile propuse \u00een desf\u0103\u0219urarea simpozionului privind promovarea exemplelor de bune practici sunt: Studii \u0219i cercet\u0103ri fizico-geografice Caracteristici &hellip; <\/p>\n","protected":false},"author":1,"featured_media":0,"parent":0,"menu_order":13,"comment_status":"closed","ping_status":"closed","template":"","meta":{"_themeisle_gutenberg_block_has_review":false,"footnotes":""},"class_list":["post-364","page","type-page","status-publish","hentry"],"_links":{"self":[{"href":"https:\/\/sgr-arges.ro\/index.php\/wp-json\/wp\/v2\/pages\/364","targetHints":{"allow":["GET"]}}],"collection":[{"href":"https:\/\/sgr-arges.ro\/index.php\/wp-json\/wp\/v2\/pages"}],"about":[{"href":"https:\/\/sgr-arges.ro\/index.php\/wp-json\/wp\/v2\/types\/page"}],"author":[{"embeddable":true,"href":"https:\/\/sgr-arges.ro\/index.php\/wp-json\/wp\/v2\/users\/1"}],"replies":[{"embeddable":true,"href":"https:\/\/sgr-arges.ro\/index.php\/wp-json\/wp\/v2\/comments?post=364"}],"version-history":[{"count":3,"href":"https:\/\/sgr-arges.ro\/index.php\/wp-json\/wp\/v2\/pages\/364\/revisions"}],"predecessor-version":[{"id":489,"href":"https:\/\/sgr-arges.ro\/index.php\/wp-json\/wp\/v2\/pages\/364\/revisions\/489"}],"wp:attachment":[{"href":"https:\/\/sgr-arges.ro\/index.php\/wp-json\/wp\/v2\/media?parent=364"}],"curies":[{"name":"wp","href":"https:\/\/api.w.org\/{rel}","templated":true}]}}